{"id":12877,"date":"2023-05-31T13:56:45","date_gmt":"2023-05-31T13:56:45","guid":{"rendered":"https:\/\/rolomont-prozori.hr\/?page_id=12877"},"modified":"2023-05-31T14:01:37","modified_gmt":"2023-05-31T14:01:37","slug":"unutrasnja-sjenila","status":"publish","type":"page","link":"https:\/\/rolomont-prozori.hr\/?page_id=12877","title":{"rendered":"UNUTRA\u0160NJA SJENILA"},"content":{"rendered":"\t\t<div data-elementor-type=\"wp-page\" data-elementor-id=\"12877\" class=\"elementor elementor-12877\">\n\t\t\t\t\t\t<section class=\"elementor-section elementor-top-section elementor-element elementor-element-03d9cbe elementor-section-boxed elementor-section-height-default elementor-section-height-default\" data-id=\"03d9cbe\" data-element_type=\"section\" data-e-type=\"section\">\n\t\t\t\t\t\t<div class=\"elementor-container elementor-column-gap-default\">\n\t\t\t\t\t<div class=\"elementor-column elementor-col-100 elementor-top-column elementor-element elementor-element-365b161\" data-id=\"365b161\" data-element_type=\"column\" data-e-type=\"column\">\n\t\t\t<div class=\"elementor-widget-wrap elementor-element-populated\">\n\t\t\t\t\t\t<section class=\"elementor-section elementor-inner-section elementor-element elementor-element-6acc95b elementor-section-boxed elementor-section-height-default elementor-section-height-default\" data-id=\"6acc95b\" data-element_type=\"section\" data-e-type=\"section\">\n\t\t\t\t\t\t<div class=\"elementor-container elementor-column-gap-default\">\n\t\t\t\t\t<div class=\"elementor-column elementor-col-100 elementor-inner-column elementor-element elementor-element-dc12cc3\" data-id=\"dc12cc3\" data-element_type=\"column\" data-e-type=\"column\">\n\t\t\t<div class=\"elementor-widget-wrap elementor-element-populated\">\n\t\t\t\t\t\t<div class=\"elementor-element elementor-element-37c06a6 elementor-widget elementor-widget-heading\" data-id=\"37c06a6\" data-element_type=\"widget\" data-e-type=\"widget\" data-widget_type=\"heading.default\">\n\t\t\t\t<div class=\"elementor-widget-container\">\n\t\t\t\t\t<h2 class=\"elementor-heading-title elementor-size-default\">UNUTRA\u0160NJA SJENILA<\/h2>\t\t\t\t<\/div>\n\t\t\t\t<\/div>\n\t\t\t\t<div class=\"elementor-element elementor-element-e9bb7a0 elementor-widget__width-initial elementor-widget elementor-widget-text-editor\" data-id=\"e9bb7a0\" data-element_type=\"widget\" data-e-type=\"widget\" data-widget_type=\"text-editor.default\">\n\t\t\t\t<div class=\"elementor-widget-container\">\n\t\t\t\t\t\t\t\t\t<p>Unutra\u0161nja \u0107e sjenila ugodno zasjeniti va\u0161 prostor, zakloniti vas od ne\u017eeljenih pogleda i pobolj\u0161ati toplinsku izolaciju prozora. Odabirom roloa ili zavjesa u jednom od uzoraka iz na\u0161e \u0161iroke ponude dodatno \u0107ete uljep\u0161ati svoj dom ili poslovni prostor, pri \u010demu mo\u017eete pratiti stil unutra\u0161njeg ure\u0111enja koji vam najvi\u0161e odgovara.<\/p><p>Unutra\u0161nja sjenila predstavljaju potpuno rje\u0161enje za zasjenjivanje prostora. Iz \u0161iroke palete na\u0161ih proizvoda mo\u017eete odabrati razli\u010dite unutra\u0161nje roloe te trakaste i plisirane zavjese.<\/p><p>Unutra\u0161nja sjenila funkcionalan su dodatak svakom domu ili poslovnom prostoru. Dekorativan su element koji \u0107e dodatno uljep\u0161ati va\u0161 prostor, a poma\u017eu i toplinskoj izolaciji prozora. Sjenila se mogu ugraditi na prozorsko krilo, strop ili zid. Ako vam je potrebno ja\u010de zamra\u010divanje prostora, mo\u017eete odabrati neprozirne tkanine.<\/p><ul><li><strong>TRAKASTE ZAVJESE<\/strong><\/li><li><strong>VENECIJANERE<\/strong><\/li><\/ul>\t\t\t\t\t\t\t\t<\/div>\n\t\t\t\t<\/div>\n\t\t\t\t\t<\/div>\n\t\t<\/div>\n\t\t\t\t\t<\/div>\n\t\t<\/section>\n\t\t\t\t\t<\/div>\n\t\t<\/div>\n\t\t\t\t\t<\/div>\n\t\t<\/section>\n\t\t\t\t<\/div>\n\t\t","protected":false},"excerpt":{"rendered":"<p>UNUTRA\u0160NJA SJENILA Unutra\u0161nja \u0107e sjenila ugodno zasjeniti va\u0161 prostor, zakloniti vas od ne\u017eeljenih pogleda i pobolj\u0161ati toplinsku izolaciju prozora. Odabirom roloa ili zavjesa u jednom od uzoraka iz na\u0161e \u0161iroke ponude dodatno \u0107ete uljep\u0161ati svoj dom ili poslovni prostor, pri \u010demu mo\u017eete pratiti stil unutra\u0161njeg ure\u0111enja koji vam najvi\u0161e odgovara. Unutra\u0161nja sjenila predstavljaju potpuno rje\u0161enje&#8230;<\/p>\n","protected":false},"author":1,"featured_media":0,"parent":0,"menu_order":0,"comment_status":"closed","ping_status":"closed","template":"","meta":{"om_disable_all_campaigns":false,"_monsterinsights_skip_tracking":false,"_monsterinsights_sitenote_active":false,"_monsterinsights_sitenote_note":"","_monsterinsights_sitenote_category":0,"_bas_post_transparent":"","_bas_post_title":"hide","_bas_post_layout":"fullwidth","_bas_post_sidebar_id":"","_bas_post_content_style":"unboxed","_bas_post_vertical_padding":"hide","_bas_post_feature":"hide","_bas_post_feature_position":"","_bas_post_header":false,"_bas_post_footer":false,"footnotes":""},"class_list":["post-12877","page","type-page","status-publish","hentry"],"aioseo_notices":[],"_links":{"self":[{"href":"https:\/\/rolomont-prozori.hr\/index.php?rest_route=\/wp\/v2\/pages\/12877","targetHints":{"allow":["GET"]}}],"collection":[{"href":"https:\/\/rolomont-prozori.hr\/index.php?rest_route=\/wp\/v2\/pages"}],"about":[{"href":"https:\/\/rolomont-prozori.hr\/index.php?rest_route=\/wp\/v2\/types\/page"}],"author":[{"embeddable":true,"href":"https:\/\/rolomont-prozori.hr\/index.php?rest_route=\/wp\/v2\/users\/1"}],"replies":[{"embeddable":true,"href":"https:\/\/rolomont-prozori.hr\/index.php?rest_route=%2Fwp%2Fv2%2Fcomments&post=12877"}],"version-history":[{"count":4,"href":"https:\/\/rolomont-prozori.hr\/index.php?rest_route=\/wp\/v2\/pages\/12877\/revisions"}],"predecessor-version":[{"id":12881,"href":"https:\/\/rolomont-prozori.hr\/index.php?rest_route=\/wp\/v2\/pages\/12877\/revisions\/12881"}],"wp:attachment":[{"href":"https:\/\/rolomont-prozori.hr\/index.php?rest_route=%2Fwp%2Fv2%2Fmedia&parent=12877"}],"curies":[{"name":"wp","href":"https:\/\/api.w.org\/{rel}","templated":true}]}}